 3 + (-51 - (-4 + 5)).
-40
What is (-44 + -23 - -50) + 24 + 0 + -86 + -1?
-80
Evaluate -11 + 62 + 30 + -6 + 6.
81
Evaluate (-56 - -32 - -17) + -1.
-8
What is the value of (-29 - 87 - -57) + -52?
-111
What is -23 + -1 + -153 + 546 + -306?
63
20 - ((4 - -45) + -39)
10
Evaluate (-66 - (25 - 21 - (-4 + 6))) + 6 - 11.
-73
What is the value of -68 + -16 - (-171 + 30)?
57
Calculate (-31 - -47 - 30) + -13 + -2.
-29
What is the value of -6629 + 6645 + (-24 - -2)?
-6
Evaluate (19 - 23) + (0 - (2 + -1) - (1404 - 1410)).
1
What is (28 - -28) + (7 + -6 - 19)?
38
What is the value of -29 + (2 - (7 + (-21 - (-11 - -2)))) - 9?
-31
-76 - (-11 - (135 + -120 - (4 + 12 + 1)))
-67
Calculate 2 - 23 - (77 + -76 - (-77 + -6)).
-105
What is -3 - (-29 + 3 + 4) - (280 - 281)?
20
2 - 43 - (-28 + -82 - -90)
-21
Calculate 18 + (73 - (-73 + 179)).
-15
Calculate (6 - -1) + 43 + 67 + -122 - -50.
45
What is the value of (208 - 217) + -17 + 2 - (6 - -6)?
-36
Evaluate -1136 + 1145 + -51 + -7 + 1 + 3.
-45
What is the value of 50 - (-28 - -24) - 29?
25
What is the value of -1017 - -1006 - (1 + 1 - (-2 - -44))?
29
What is 29 - (-286 + 304 + -3 + 1 - 12)?
25
What is -1 - -13 - (418 - 441) - -5?
40
Evaluate (14 - 35) + 14 + -1 + 13 + -1 - 55.
-51
-3902 - -3920 - (1 + -9 - 0)
26
What is 5 - ((-21 - -1 - (-83 + 62)) + (1 - -7))?
-4
-26 + -21 + (106 - (-15 - -26))
48
What is the value of 13 - (36 + (-59 - -12))?
24
Calculate ((1 - 1) + -3 - -3) + -3637 + 3644 - -24.
31
What is (256 - -4) + -5400 + 5254?
114
What is the value of -30 + (41 - -21) + (0 + -6 - 4)?
22
Evaluate -1 + -11 + (-4 - -8) - -7.
-1
Calculate 103 - -2 - 52 - 0.
53
(27 - 77) + -16 + 58
-8
Evaluate -1 - -50 - 22 - (-2 - -2).
27
What is the value of (-2 - -1 - -2 - 10) + (-75 - (-87 + -8))?
11
Calculate 76 - (65 + 61 - 31).
-19
Evaluate -162 - (-57 + -64 + 39).
-80
Calculate (58 - -1) + (140 - 85) + -23 + -17.
74
-269 + 238 + (24 - 2) - (-31 - -4)
18
What is the value of -19 + (11 - 6) + 11 + 6 + 0 + -47?
-44
Calculate (-13 - -18 - (11 + 2)) + 9 + 7.
8
What is the value of 4 + 11 + -5 + -5 + -5 + 2 - 15?
-13
Calculate (15 - 40) + 20 - (15 + 0 + -2).
-18
Calculate -12 - ((1 - 25) + (21 - (-32 + 42))).
1
Evaluate -19 + -43 + -19 + 3 + 0.
-78
What is (-5 - 25) + (120 - 65)?
25
What is 67 + 30 + -5 + (2 - (-3 - 0))?
97
What is the value of 23 + -6 + (-13 - (8 - 33))?
29
Calculate -19 - ((32 - 3) + -12 + 1).
-37
Evaluate 1 + 19 - (-3719 - -3763).
-24
Evaluate 2 + -9 - -7 - -7 - 18 - (23 + -22).
-12
1 - 31 - ((-31 - 3) + 26)
-22
Evaluate -5 - -2 - (-3 + -10 - -14) - (-1 - 7).
4
What is ((4 - 8) + 35 - -14) + -9 + 0?
36
What is the value of (6 - 11) + (6 - 9) + (-27 - -6) + -3?
-32
Evaluate -13 - 1 - (-11 - -19) - -28.
6
Evaluate -11 + -25 + -14 + (13 + -5 - 10) + 23.
-29
Evaluate 29 + -13 + (-36 - (-13 - -21)).
-28
Calculate (4075 - 4211) + (38 - 1).
-99
What is the value of -28 + (9 + -53 - -36)?
-36
What is the value of (-41 - (8 + (-31 - 11))) + -24?
-31
Calculate -52 + 69 + -62 + 18.
-27
0 + -2 - -55 - 2 - (104 - (71 - -38))
56
Calculate -10 - -24 - 36 - ((-3 - -10) + -10 + 8).
-27
(4 - -1 - (60 - 8)) + -37 + 45
-39
What is the value of 52 - (-9 - -4) - (-6 + (-8 - (-2 + -19)))?
50
What is the value of -23 + (-20 + 31 + -40 - -34)?
-18
What is the value of 2 - 29 - -55 - 74?
-46
4 + 4 + -77 + 68 - -56
55
Calculate 0 + (-34 - (-61 - -54)).
-27
What is the value of (-18 + -27 - (-4 + -22)) + -2?
-21
What is the value of 3222 - 3228 - (-83 + -2)?
79
What is 131 + (-43 - 222) - -65?
-69
What is the value of (4 + (-29 - -43) - (3 + 92)) + (-9 - 1)?
-87
Evaluate 26 + ((-17 - (7 - 15)) + (6 - -4) - 3).
24
What is -41 + 98 - (-10 + 24)?
43
-28 - (-14 + 5 + -4 + (16 + -26 - -13))
-18
What is 4 + 57 + -15 - (-8 + 6 - -10)?
38
What is (-29 - -33 - 57) + (-13 - 19)?
-85
What is the value of -1 + -36 + (7 - (-15 + -2))?
-13
Evaluate 3 + 6 + -6 + -16 + (-9 - -23) + 17.
18
Calculate (1 - (17 + 107 + -21)) + (3 - -6) + 0.
-93
Evaluate -688 + 677 - ((0 - 2 - 1) + 43 + -2).
-49
Calculate 102 - ((33 - (32 - -11)) + (3 - (2 + -9))).
102
What is the value of 189 - 155 - (0 - -34)?
0
What is 0 + (-20 - -7) + (-29 - (23 - 153))?
88
Evaluate (16 - 79 - 5) + 30 - 64.
-102
What is -6 + (-3 + (-14 - 3) - (25 + -43))?
-8
Evaluate 13 - 9 - -22 - 31 - -60.
55
What is the value of 90 + 7 + -15 - (-1 + -11)?
94
Evaluate -1 + 20 - (-221 + 296).
-56
What is the value of 7 + (-14 - (14 + -32)) + 2 + 11?
24
What is -7 + -1 + (16 + -2 + -7 - 14) + 35?
20
What is 15 + (-5 + -14 + -1 - 9)?
-14
What is the value of 43 + (-430 - -423) + (2 - 4)?
34
Evaluate -4 - -9 - (146 - 168).
27
What is 30 + 2 + 101 + -127?
6
What is the value of -3 + (59 - 0 - (-96 - -65))?
87
-16 - (21 - (-29 - -22) - -23)
-67
What is the value of (26 + (3 - 40) - (-17 + 1)) + -7?
-2
What is the value of (2 - 41) + -12 + 5 + -20 + 13?
-53
(0 - 4) + 16 + -24 + -25 + 49
12
(11 - (0 - -1)) + -26 + (-21 - (-26 - -23))
-34
Evaluate (13 - 1 - 1) + (-55 + 3 - -35).
-6
Calculate -1 - 1 - (-48 - (-46 + 35) - 6).
41
What is -1 + -3 + -34 + 3 + (-3 - -16 - 11)?
-33
Calculate (-134 - (105 + -228)) + -48 + (-2 - -2 - -1).
-58
What is 4288 - 4210 - (23 + 1)?
54
What is the value of 128 + -7 + -21 + 121 + -102?
119
-31 + (-1 - (-13 + 26)) + 34
-11
Evaluate (-69 - -45 - (-15 - 1)) + (109 - 10).
91
-94 - (8 + -142) - (-7 + 2 + 0)
45
Calculate -2 - (70 - (169 - 51)).
46
What is the value of 75 + -5 - (20 - -18)?
32
What is the value of -22 + -3 + -1 + (-21 - -106) + -42 + -49?
-32
(-12 - (17 - 0 - 13)) + 51
35
Calculate -4 + 52 + (6 + 5 - (-14 - -34)).
39
What is the value of -11 + (14 - -4 - 23) + 18 + -13?
-11
What is -35 - (44 - (-11 + 56))?
-34
What is (15 - 24) + 23 + -22 + -57?
-65
Calculate -40 + -1 + 34 - (27 - 4).
-30
What is -5 + 29 - (68 + -51)?
7
What is 3 - 0 - ((-35 - -112) + -92)?
18
(-13 - (-69 + 117)) + 36
-25
What is the value of (90 - 26) + -28 - (-4 - 1) - 5?
36
What is -32 + 7 - -4 - (90 + 7 + -9)?
-109
What is -19 - (-12 + 10) - -16 - -42?
41
Evaluate 20 - (-46 + 42 + 48).
-24
What is the value of -169 + 176 - (4 - -13 - (-2 - -7))?
-5
What is 24 - (54 + -20 + 4)?
-14
Evaluate (-89 - -7) + 158 - 73.
3
What is the value of 11 - (4 - (-3 - -7)) - (-365 - -331)?
45
Evaluate -41 + (7 - (-89 + 49)).
6
What is 27 - (-104 + 154 + -100)?
77
Evaluate -1 + 0 - -10 - (-22 - (-14 + 40 - 36)).
21
40 - ((-16 - -39) + -54 - 37)
108
What is the value of 0 + -17 + (5 - 41) + 3 + 10?
-40
-2 - -62 - (77 + -2)
-15
29 + -2 - (3080 + -3074)
21
What is the value of -7 + -8 + 5 + 20 + (-5 + -1 - -3)?
7
Evaluate -13 + 13 + 2 + (-40 - -43).
5
What is 23 + 23 + 38 + -97?
-13
What is 2 + -19 + -20 + 20 - (2 + -20)?
1
Evaluate 46 + 15 + 2 + -32 + 11.
42
Evaluate -22 - ((-7 - -1) + (8 - 19 - -17) + 4).
-26
What is the value of 4 + -1 - -2 - ((239 - 99) + -206)?
71
What is the value of ((-30 - -36) + 30 - -48) + -32?
52
Evaluate -105 - (-136 - 163) - 151.
43
What is the value of -2 + (106 - (3 + -6)) - (63 + -121 + 53)?
112
Calculate (14 + 0 - (-91 + (83 - -84))) + -5.
-67
(154 - 85 - 129) + -19
-79
What is the value of 2785 + -2824 - (0 - 71)?
32
Evaluate (23 + -21 - (-10 + 11 + 12)) + -11.
-22
Calculate -46 + (92 - 93) + 55 + (-1 - -1 - 97).
-89
-25 + (11 - (0 + 10 - (21 - 14)))
-17
What is the value of (-66 - 6 - -15) + (-2 + 4 - -5)?
-50
Evaluate -29 + 58 - (13 + 3 - 4).
17
Evaluate 5 + -4 + 5 + -9 + 15.
12
Evaluate (4357 - 4397) + -1 + 102.
61
What is the value of (-28 - (-6 + -51)) + (-5 - 8) + -10?
6
What is the value of 7 - (8 - (24 - (26 - (-1 - -15))))?
11
What is the value of (24 - -2) + -2 - (-43 - -81)?
-14
Evaluate -1 + -1 + 26 + (45 - (62 - 0)).
7
What is 33 - 68 - 48 - 17?
-100
Evaluate -6 + (8 - 1 - -12) + -5 - -30.
38
25 + (-63 - -13) + -16
-41
Calculate 13 - (-10 + 0 + 10 + -22 - -20).
15
Calculate -59 + 114 + -61 + (1 - -84).
79
What is -13 - (-16 + -18) - (3 - -34)?
-16
(104 - -2 - -1) + 8 + (-38 - (45 - 65))
97
What is the value of 63 - (-86 + 94 + 47)?
8
Evaluate 0 + 1 - ((-7 - -79) + (-3 + -14 - 3)).
-51
What is 17 - 30 - (-18 - -6) - -8?
7
What is the value of 1 - -25 - (-719 - -752) - (26 + -2)?
-31
Evaluate 1 + 0 + (-2 - -103) + (233 - 421 - -184).
98
What is -21 + -73 + (14 + -16 + 15 - -7)?
-74
6 - (5 + -1 - (2 - (-12 + 5)))
11
Calculate -80 + -1 + -1798 + 1801.
-78
Evaluate 4 - 8 - 